at is the greatest common divisor of 594 and 20218?
22
What is the highest common divisor of 238610 and 40?
10
Calculate the highest common divisor of 603 and 50786.
67
What is the highest common factor of 8733 and 2556?
213
Calculate the greatest common factor of 64452 and 144.
12
Calculate the highest common factor of 320 and 1028.
4
Calculate the greatest common factor of 55506 and 264.
66
What is the greatest common divisor of 10 and 9140470?
10
Calculate the greatest common factor of 130 and 286.
26
What is the highest common divisor of 49538 and 376?
94
Calculate the highest common factor of 4347 and 5152.
161
What is the highest common divisor of 1760 and 2626360?
440
What is the highest common factor of 8 and 135692?
4
Calculate the highest common divisor of 38 and 50521.
19
Calculate the greatest common divisor of 36 and 8838.
18
Calculate the greatest common divisor of 66 and 238029.
33
Calculate the highest common factor of 666 and 2538.
18
What is the highest common factor of 17328 and 11264?
16
What is the greatest common factor of 3168 and 24750?
198
Calculate the highest common factor of 49973 and 41536.
649
Calculate the greatest common divisor of 68292 and 441.
63
What is the highest common factor of 2401 and 27783?
343
Calculate the greatest common divisor of 1 and 15959.
1
Calculate the highest common divisor of 256260 and 5160.
60
What is the greatest common factor of 28 and 25292?
4
Calculate the greatest common divisor of 276 and 1156.
4
Calculate the greatest common factor of 44 and 795872.
44
What is the highest common factor of 15201 and 75442?
563
What is the highest common factor of 44511 and 111?
111
What is the highest common factor of 795381 and 423?
141
Calculate the highest common divisor of 49979 and 583.
53
What is the greatest common factor of 2367695 and 275?
55
Calculate the highest common factor of 201 and 7358007.
201
What is the greatest common divisor of 513750 and 45?
15
Calculate the highest common divisor of 3367 and 13727.
259
What is the highest common factor of 2470 and 238450?
190
What is the greatest common divisor of 44 and 2808828?
44
Calculate the greatest common divisor of 23352 and 70.
14
Calculate the highest common divisor of 1044 and 85376.
116
What is the greatest common divisor of 4930 and 5510?
290
What is the highest common divisor of 80 and 5604880?
80
Calculate the greatest common factor of 116 and 3034328.
116
Calculate the greatest common factor of 137766 and 18.
6
Calculate the greatest common factor of 45 and 3415.
5
Calculate the greatest common divisor of 1332 and 57588.
12
What is the greatest common factor of 39 and 112177?
13
Calculate the greatest common divisor of 625 and 1600.
25
Calculate the highest common factor of 27 and 2799.
9
Calculate the greatest common factor of 114175 and 25.
25
Calculate the highest common factor of 30537 and 4147.
377
What is the highest common divisor of 241077 and 489?
489
Calculate the greatest common divisor of 1186 and 10255342.
1186
Calculate the greatest common factor of 3665 and 60.
5
What is the greatest common factor of 378 and 54957?
21
Calculate the greatest common divisor of 2101 and 29557.
11
What is the highest common factor of 11734896 and 292?
292
Calculate the greatest common divisor of 3765 and 525.
15
Calculate the highest common divisor of 63 and 48510.
63
Calculate the highest common factor of 27 and 2114397.
27
What is the greatest common divisor of 8525 and 26939?
341
Calculate the greatest common factor of 33 and 17138.
11
What is the highest common divisor of 78519 and 56?
7
What is the greatest common factor of 1045 and 87835?
55
What is the highest common factor of 7374 and 768?
6
What is the greatest common divisor of 166348 and 39?
13
Calculate the greatest common divisor of 88 and 14399.
11
Calculate the highest common divisor of 259 and 3009839.
259
What is the greatest common divisor of 473340 and 75?
15
Calculate the greatest common factor of 1853 and 544.
17
Calculate the highest common factor of 617080 and 400.
40
Calculate the greatest common divisor of 1353 and 286737.
33
Calculate the greatest common factor of 7064 and 159823.
883
Calculate the highest common divisor of 79 and 1207831.
79
What is the highest common divisor of 2952 and 2061?
9
Calculate the greatest common factor of 182 and 17563.
91
What is the greatest common factor of 1066 and 124189?
533
What is the highest common factor of 25 and 3550?
25
Calculate the greatest common factor of 84 and 16796556.
84
What is the highest common factor of 858 and 4686?
66
Calculate the highest common factor of 1791902 and 357.
119
What is the greatest common divisor of 782 and 578?
34
Calculate the greatest common factor of 708 and 310458.
354
What is the greatest common factor of 55080 and 2808?
216
Calculate the highest common factor of 9881 and 123.
41
Calculate the greatest common factor of 24118 and 117867.
389
Calculate the highest common divisor of 42741 and 27.
27
What is the highest common factor of 60289 and 4?
1
What is the highest common divisor of 42602 and 1?
1
Calculate the greatest common divisor of 95557 and 4114.
187
Calculate the greatest common factor of 69768 and 234.
18
What is the greatest common divisor of 477 and 36864?
9
Calculate the highest common divisor of 15065 and 115.
115
Calculate the greatest common factor of 40 and 16780.
20
What is the greatest common divisor of 2632 and 1064?
56
Calculate the highest common divisor of 24 and 76668.
12
What is the highest common divisor of 15 and 3285195?
15
What is the greatest common divisor of 5811 and 117?
39
What is the greatest common divisor of 716 and 42065?
179
What is the highest common divisor of 206019 and 99?
99
What is the highest common factor of 90 and 99054?
18
What is the highest common factor of 12371 and 445?
89
Calculate the greatest common factor of 202607 and 7660.
383
What is the highest common factor of 4471636 and 452?
452
What is the highest common divisor of 990 and 37070?
110
What is the greatest common divisor of 2046 and 3795?
33
What is the highest common factor of 1000 and 6750?
250
What is the greatest common divisor of 847 and 7139?
121
Calculate the greatest common factor of 15327 and 55653.
39
What is the highest common factor of 646 and 2176?
34
Calculate the greatest common factor of 480 and 58152.
24
What is the highest common factor of 135 and 80865?
135
Calculate the greatest common factor of 3310 and 220.
10
What is the greatest common divisor of 702 and 331101?
27
Calculate the greatest common factor of 8 and 10646.
2
Calculate the greatest common divisor of 869 and 5995.
11
Calculate the greatest common divisor of 703723 and 89.
89
Calculate the greatest common divisor of 13244 and 5236.
308
Calculate the highest common divisor of 3416 and 6888.
56
What is the highest common factor of 55348 and 52924?
404
What is the highest common divisor of 96 and 32128?
32
What is the greatest common factor of 5035250 and 125?
125
Calculate the greatest common divisor of 54494 and 176.
22
What is the greatest common factor of 66439 and 474?
79
Calculate the highest common factor of 4455 and 39285.
405
What is the greatest common factor of 401 and 7?
1
What is the highest common divisor of 927 and 8515422?
927
Calculate the highest common factor of 75 and 129915.
15
What is the greatest common divisor of 790 and 30178?
158
What is the greatest common divisor of 1404 and 4817826?
702
Calculate the greatest common divisor of 2976119 and 692.
173
Calculate the highest common divisor of 70 and 3395.
35
What is the highest common divisor of 4724 and 4?
4
What is the highest common factor of 49736 and 16?
8
Calculate the greatest common factor of 976 and 97112.
488
What is the greatest common divisor of 59869 and 1370?
137
Calculate the highest common factor of 766832 and 576.
16
Calculate the greatest common factor of 437 and 282739.
437
What is the greatest common factor of 44467 and 5830?
53
What is the greatest common divisor of 16 and 21208?
8
Calculate the highest common factor of 720 and 23330.
10
What is the greatest common divisor of 162622 and 34?
34
Calculate the highest common divisor of 125 and 5270250.
125
Calculate the greatest common divis